and l.
24
Suppose 0 = 3*o + 3*z - 12, -9*z = -5*o - 12*z + 30. What is the greatest common divisor of 144 and o?
9
Let d = 25 - 21. Suppose 4*g = -d*w, -3*w = -g - 0 + 20. Let f = 58 + -18. What is the greatest common factor of f and g?
5
Suppose 0 = 8*q + 4 - 596. Calculate the highest common divisor of q and 148.
74
Suppose 11*s + 3*s - 56 = 0. Let t be (2 + -3)/(2/(-4)). Suppose 84 = s*w + t*x, 5*w - 2*x - 13 = 101. Calculate the highest common factor of w and 2.
2
Let u = 150 - -57. What is the highest common factor of 27 and u?
9
Let f be -4*3*(-598)/24. Calculate the highest common divisor of f and 104.
13
Let g be 23*-11*(-95 + 92). What is the highest common divisor of 132 and g?
33
Let g be 1 - (-94 + (5 - (-25)/(-5))). Calculate the highest common divisor of g and 323.
19
Let r(b) = 3*b**2 + 3*b - 3. Let x be r(-3). Let p = x - 12. Suppose p*i - 9 = 9. Calculate the greatest common factor of 6 and i.
6
Let b(d) = -4*d + 10. Let r be b(-2). Let c(z) = z**2 + 9*z + 8. Let p be c(-10). What is the greatest common factor of r and p?
18
Let k be 1/5 + ((-170)/(-25) - 5). Suppose 2*n = k*u + u - 23, 0 = -2*u - 2*n + 2. Calculate the greatest common divisor of 2 and u.
1
Suppose 0 = p - 5 - 1. Suppose 0 = -2*r + 4*r + p, -5*r - 33 = 2*o. Let v = -7 - o. Calculate the greatest common factor of v and 2.
2
Suppose -17*z + 1235 = 2*z. What is the highest common factor of z and 143?
13
Let h = 1794 - 1696. What is the highest common factor of 224 and h?
14
Let k be 1/(((-125)/120)/(-25)). Calculate the greatest common factor of k and 600.
24
Suppose -2*s + 51 = -2*z + 3*z, -5*z = 5. Suppose s*g - 28*g + 24 = 0. Let v = 31 - 13. What is the highest common factor of v and g?
6
Suppose -20*q + 9 = -23*q. Let k be 1 + 20/(-12)*q. Suppose 5*r - 244 = -4*n + 34, 2*r - 112 = -2*n. What is the highest common factor of r and k?
6
Let c be 2/(-3) - 1268/(-12). Let l(z) = c*z + 2*z - 9 + 6. Let y be l(1). What is the highest common factor of y and 13?
13
Let b(t) = 3*t**2 + t - 1. Let m be b(1). Suppose -4*l = m*x - 39, 2*l - l - 4*x + 14 = 0. Calculate the highest common divisor of l and 6.
6
Let h(q) = 12*q - 1. Let m be h(1). Suppose 33*i - 15 = 30*i. Suppose -4*d + i*d = 55. What is the greatest common divisor of d and m?
11
Suppose 41*r - 1863 = 14*r. Calculate the greatest common factor of 9 and r.
3
Let r = 2255 + -2236. What is the highest common divisor of r and 57?
19
Suppose 0*x - 3*x = 0. Suppose x = -2*g - 3*g + 290. Let d(b) = 7*b**2 - 45*b + 59. Let p be d(7). Calculate the highest common factor of p and g.
29
Let w(o) = o**3 - 2*o**2 + 5*o - 4. Let b be w(6). What is the highest common factor of b and 102?
34
Let z(j) = j**3 + 27*j**2 + 51*j + 41. Let d be z(-25). What is the greatest common divisor of 656 and d?
16
Let c = -6 - -396. What is the greatest common factor of 30 and c?
30
Suppose -1056*t + 1051*t = -255. Calculate the greatest common divisor of 697 and t.
17
Let z = -2708 - -2756. Suppose 38 + 10 = 4*r - l, -3*r - 5*l = -36. Calculate the highest common factor of z and r.
12
Suppose u - 15 = p, 0 = 4*u - 5*p - 5 - 52. Calculate the greatest common divisor of 270 and u.
18
Suppose -3*w + 98 = 3*i - 208, 0 = 4*w - 4. Let l = i - 57. What is the greatest common divisor of l and 33?
11
Let q(y) = -11*y + 13. Let s be q(-7). What is the greatest common divisor of 54 and s?
18
Let v = 3 + -11. Let o be -6*12/v + 0 + 4. What is the greatest common factor of 26 and o?
13
Let u(l) be the first derivative of 1 - 1/2*l**2 + 2*l + l**3. Let m be u(-2). What is the highest common factor of 8 and m?
8
Let d(l) = 9*l - 9. Let p be d(-2). Suppose -42 = -o + 4*z - 2*z, 0 = -4*o - 3*z + 190. Let j = p + o. Calculate the highest common divisor of j and 57.
19
Let y(s) = s + 18. Let f be y(-12). Let m be (-3)/f*2*(-3 - 8). Calculate the greatest common divisor of 33 and m.
11
Let c = 5 - 5. Suppose c = 3*n + 9, 2*s + n - 2 = 13. Suppose -15 = -4*p + s. What is the highest common divisor of p and 48?
6
Suppose o - 16 = -t - t, -2*o = 5*t - 35. Suppose 4*h = 3*h + g + 56, -167 = -3*h + 2*g. Let b = h - -15. Calculate the highest common divisor of b and o.
10
Suppose 2*b + 5*f = 365, -2*b - 2*f + 356 = -0*b. Let d be 3/(-2)*-25*(-2)/(-3). Calculate the greatest common factor of d and b.
25
Suppose 4 - 6 = 3*y + 4*d, -14 = -4*y + 3*d. Calculate the greatest common divisor of 1 and y.
1
Let r be (-4)/4 - 1*14. Let v = r + 26. Let n(j) = -5*j + 5. Let a be n(-10). Calculate the highest common factor of v and a.
11
Let a = 1022 - 965. What is the greatest common factor of a and 114?
57
Let n be 4/6 + 6/(-9). Suppose 9*r - 6*r - 12 = n. Calculate the highest common factor of 12 and r.
4
Suppose -5*h - 94 = -664. Calculate the highest common factor of 6 and h.
6
Let n = -273 - -301. What is the highest common divisor of 7 and n?
7
Suppose -4*h + 335 = 75. Let k be 1*(-3 + h/5). Calculate the highest common divisor of 10 and k.
10
Let r be -1 - 0 - (-98 + 67). What is the highest common factor of r and 24?
6
Let m be 12/90*1210 - (-2)/3. What is the greatest common factor of 30 and m?
6
Let q(m) = 3*m**3 + 5*m**2 - 4*m. Let k be q(3). Suppose -4*j + 431 = -5*f, -k = 3*j - 5*f - 431. What is the highest common factor of j and 38?
38
Suppose 0 = 5*h + 2*w - 98, 4*h + 3*w = 10 + 67. Let z be -5*((-52)/h - -3). Let k be 9/(-12)*z*2. What is the highest common factor of k and 3?
3
Suppose 5*p - 496 = 2*k - 8, -5*p + 484 = -k. What is the highest common factor of p and 72?
24
Let r = -1116 - -1121. Calculate the highest common divisor of r and 1030.
5
Let a(u) = u**3 - 7*u**2 - 4*u + 12. Let w be a(8). Let k be ((-66)/w)/((-3)/8). What is the highest common factor of k and 36?
4
Let n = -5 + -5. Let k be 1/((-10)/(-844)) + 4/n. What is the greatest common factor of k and 21?
21
Let p(f) = f**3 - 2*f**2 + 10*f. Let b be p(5). Calculate the greatest common factor of 50 and b.
25
Let a(q) = 42*q - 564. Let z be a(14). Let x = -93 - -175. Let f = -46 + x. Calculate the highest common factor of z and f.
12
Let i(h) = -h**2 - 72 + 4*h + 72. Let v be i(4). Suppose v = 5*q - 5. Calculate the highest common divisor of 2 and q.
1
Let n = -318 + 472. Let b be n/3 + (-2)/(-3). Let j(i) = -i**2 - 11*i + 3. Let h be j(-10). Calculate the greatest common factor of b and h.
13
Let x(a) = 7*a**2 - 133*a + 88. Let f be x(20). Calculate the highest common divisor of 285 and f.
57
Let m be -5 + 8 - (-5*5 + 0). Calculate the highest common divisor of m and 196.
28
Let l = 3 - 1. Let k(b) = b + l - 14 + 3*b. Let q be k(13). What is the highest common divisor of 10 and q?
10
Suppose -5*s - 6 = -11. Let h be (s - -70) + 14/(-7). Suppose 0 = 2*u - 27 - h. Calculate the highest common divisor of u and 72.
24
Let z = 476 - 233. What is the highest common divisor of z and 81?
81
Let q = -17 - -36. Let b = q + -8. Let s = 23 - b. Calculate the highest common factor of s and 6.
6
Let o = -98 - -178. Let g(d) = -d**3 + 7*d**2 - 8*d - 3. Let y be g(5). Suppose 0 = y*n - 12*n + 160. Calculate the highest common divisor of n and o.
16
Suppose -4*f + 14 = k, 5*f + 195 = 3*k + 2*k. Let o = k + 2. What is the highest common factor of o and 4?
4
Let m be (-18)/14*6006/(-198). Calculate the highest common divisor of 689 and m.
13
Let q(i) = -i**3 - 6*i**2 - 3*i + 7. Let g be q(-5). Let a be g/(75/(-20) + 3). Calculate the highest common factor of a and 16.
4
Suppose -2*c - 4*a + 200 = -188, c - 182 = 4*a. What is the highest common factor of 10 and c?
10
Suppose -4*p - 17 - 33 = 5*s, 5*p + 71 = -2*s. Suppose 3*o = 4*u - 94, -32 = 2*u + 3*o - 88. Let i = u + p. Calculate the highest common divisor of 70 and i.
10
Let k be 9/(-18)*0 - (-758 + -2). Calculate the highest common divisor of 285 and k.
95
Let o(j) = -j**3 + 5*j**2 - 2*j - 1. Let y be o(5). Let m(k) = -9 + 2*k**2 + 17*k + 2 + 15. Let u be m(y). Calculate the highest common factor of u and 7.
7
Suppose 0 = 3*v - 2*w - 146, -5*w + 129 = -2*v + 4*v. What is the highest common divisor of 182 and v?
26
Let x = 123 + -101. Suppose -k = 2 - x. What is the highest common divisor of 320 and k?
20
Suppose 0 = 4*o - 2*h - 1085 + 45, 2*h = 4. Calculate the greatest common divisor of o and 9.
9
Let c = 2043 + -2013. What is the highest common divisor